{"id":61,"date":"2015-06-03T12:31:43","date_gmt":"2015-06-03T10:31:43","guid":{"rendered":"http:\/\/test.feuerwehr-muessen.de\/?page_id=61"},"modified":"2015-06-18T13:38:01","modified_gmt":"2015-06-18T11:38:01","slug":"einsaetze-2010","status":"publish","type":"page","link":"https:\/\/feuerwehr-muessen.de\/index.php\/einsaetze-2010\/","title":{"rendered":"Eins\u00e4tze 2010"},"content":{"rendered":"<table class=\"einsaetze\">\n<tbody>\n<tr>\n<th>Nr.<\/th>\n<th>Datum<\/th>\n<th>Uhrzeit<\/th>\n<th>Stra\u00dfe<\/th>\n<th>Einsatzart<\/th>\n<th>Einsatzbeschreibung<\/th>\n<th>Einsatzmittel<\/th>\n<\/tr>\n<tr>\n<td>1<\/td>\n<td>12.02.2010<\/td>\n<td>14:40<\/td>\n<td>Bergstra\u00dfe, Grabauer Stra\u00dfe, B\u00fcchener Stra\u00dfe<\/td>\n<td>Techn. Hilfe<\/td>\n<td>\u00d6lspur<\/td>\n<td>300 KG \u00d6lbindemittel, Schaufel und Besen<\/td>\n<\/tr>\n<tr>\n<td>2<\/td>\n<td>13.02.2010<\/td>\n<td>13:47<\/td>\n<td>Am Sportplatz (Turnhalle, Schule)<\/td>\n<td>Techn. Hilfe<\/td>\n<td>Schneelasten<\/td>\n<td>Schneeschieber<\/td>\n<\/tr>\n<tr>\n<td>3<\/td>\n<td>29.03.2010<\/td>\n<td>19:38<\/td>\n<td>Schwarzenbek<br \/>\nMelusinental<\/td>\n<td>\u00dcbung<\/td>\n<td>Wasserf\u00f6rderung \u00fcber<br \/>\nlange Wegstrecken<\/td>\n<td>1600m B-Langen<br \/>\nTS 8\/8<\/td>\n<\/tr>\n<tr>\n<td>4<\/td>\n<td>15.05.2010<\/td>\n<td>11:36<\/td>\n<td>Raiffeisenstra\u00dfe<\/td>\n<td>Techn. Hilfe<\/td>\n<td>Baum auf Stra\u00dfe<\/td>\n<td>Motorkettens\u00e4ge<\/td>\n<\/tr>\n<tr>\n<td>5<\/td>\n<td>12.06.2010<\/td>\n<td>12:30<\/td>\n<td>Dorfstra\u00dfe<\/td>\n<td>Sicherheitswache<\/td>\n<td>Sch\u00fctzenfest<\/td>\n<td><\/td>\n<\/tr>\n<tr>\n<td>6<\/td>\n<td>13.06.2010<\/td>\n<td>09:00<\/td>\n<td>Dorfgebiet<\/td>\n<td>Sicherheitswache<\/td>\n<td>Sch\u00fctzenfest<\/td>\n<td><\/td>\n<\/tr>\n<tr>\n<td>7<\/td>\n<td>12.07.2010<\/td>\n<td>20:10<\/td>\n<td>Am See<\/td>\n<td>Alarm\u00fcbung<\/td>\n<td>Personen Rettung<\/td>\n<td>Boot<\/td>\n<\/tr>\n<tr>\n<td>8<\/td>\n<td>16.07.2010<\/td>\n<td>12:30<\/td>\n<td>Siebeneichen<\/td>\n<td>Feuer<\/td>\n<td>Fl\u00e4chenbrand<\/td>\n<td>ca. 12.000l Wasser<\/td>\n<\/tr>\n<tr>\n<td>9<\/td>\n<td>15.09.2010<\/td>\n<td>02:25<\/td>\n<td>Klein Pampau<\/td>\n<td>Feuer<\/td>\n<td>brennt Bauhof<\/td>\n<td>2 B-L\u00e4ngen, 4 C-Strahl Rohre<\/td>\n<\/tr>\n<tr>\n<td>10<\/td>\n<td>07.10.2010<\/td>\n<td>11:30<\/td>\n<td>Grundschule M\u00fcssen<\/td>\n<td>\u00dcbung<\/td>\n<td>R\u00e4umungs\u00fcbung<\/td>\n<td>2 PA Tr\u00e4ger, 800l Wasser<\/td>\n<\/tr>\n<tr>\n<td>11<\/td>\n<td>15.10.2010<\/td>\n<td>12:00<\/td>\n<td>Bergstr. \/ Bahnhofsstr.<\/td>\n<td>Techn. Hilfe<\/td>\n<td>Verschmutzte Fahrbahn<\/td>\n<td>2000 l WAsser<\/td>\n<\/tr>\n<tr>\n<td>12<\/td>\n<td>11.11.2010<\/td>\n<td>00:44<\/td>\n<td>Klein Pampau<\/td>\n<td>Feuer<\/td>\n<td>brennt Bauhof<\/td>\n<td>1 B-Leitung, 3 C-Strahl Rohre<\/td>\n<\/tr>\n<tr>\n<td>13<\/td>\n<td>06.12.2010<\/td>\n<td>12:15<\/td>\n<td>Klein Pampau<\/td>\n<td>Feuer<\/td>\n<td>brennt Bauerhof<\/td>\n<td>4 B-Leitung, div. C-Strahl Rohre<\/td>\n<\/tr>\n<tr>\n<td>14<\/td>\n<td>06.12.2010<\/td>\n<td>18:25<\/td>\n<td>Klein Pampau<\/td>\n<td>Feuer<\/td>\n<td>brennt Bauerhof<br \/>\nNachl\u00f6scharbeiten<\/td>\n<td>2 C-Rohre<br \/>\nBeleuchtung<br \/>\n1 PA Trupp + Sicherungstrupp<\/td>\n<\/tr>\n<tr>\n<td>15<\/td>\n<td>24.12.2010<\/td>\n<td>ca. 22 Uhr<\/td>\n<td>Louisenhof<\/td>\n<td>Techn. Hilfe<\/td>\n<td>Stra\u00dfensperrung<\/td>\n<td>Vehrkehrleitkegel, Absperrband<\/td>\n<\/tr>\n<\/tbody>\n<\/table>\n","protected":false},"excerpt":{"rendered":"<p>Nr. Datum Uhrzeit Stra\u00dfe Einsatzart Einsatzbeschreibung Einsatzmittel 1 12.02.2010 14:40 Bergstra\u00dfe, Grabauer Stra\u00dfe, B\u00fcchener Stra\u00dfe Techn. Hilfe \u00d6lspur 300 KG \u00d6lbindemittel, Schaufel und Besen 2 13.02.2010 13:47 Am Sportplatz (Turnhalle, Schule) Techn. Hilfe Schneelasten Schneeschieber 3 29.03.2010 19:38 Schwarzenbek Melusinental \u00dcbung Wasserf\u00f6rderung \u00fcber lange Wegstrecken 1600m B-Langen TS 8\/8 4 15.05.2010 11:36 Raiffeisenstra\u00dfe Techn. Hilfe &hellip; <a href=\"https:\/\/feuerwehr-muessen.de\/index.php\/einsaetze-2010\/\" class=\"more-link\"><span class=\"screen-reader-text\">Eins\u00e4tze 2010<\/span> weiterlesen <span class=\"meta-nav\">&rarr;<\/span><\/a><\/p>\n","protected":false},"author":1,"featured_media":0,"parent":0,"menu_order":0,"comment_status":"closed","ping_status":"closed","template":"","meta":{"ngg_post_thumbnail":0,"footnotes":""},"class_list":["post-61","page","type-page","status-publish","hentry"],"_links":{"self":[{"href":"https:\/\/feuerwehr-muessen.de\/index.php\/wp-json\/wp\/v2\/pages\/61","targetHints":{"allow":["GET"]}}],"collection":[{"href":"https:\/\/feuerwehr-muessen.de\/index.php\/wp-json\/wp\/v2\/pages"}],"about":[{"href":"https:\/\/feuerwehr-muessen.de\/index.php\/wp-json\/wp\/v2\/types\/page"}],"author":[{"embeddable":true,"href":"https:\/\/feuerwehr-muessen.de\/index.php\/wp-json\/wp\/v2\/users\/1"}],"replies":[{"embeddable":true,"href":"https:\/\/feuerwehr-muessen.de\/index.php\/wp-json\/wp\/v2\/comments?post=61"}],"version-history":[{"count":2,"href":"https:\/\/feuerwehr-muessen.de\/index.php\/wp-json\/wp\/v2\/pages\/61\/revisions"}],"predecessor-version":[{"id":206,"href":"https:\/\/feuerwehr-muessen.de\/index.php\/wp-json\/wp\/v2\/pages\/61\/revisions\/206"}],"wp:attachment":[{"href":"https:\/\/feuerwehr-muessen.de\/index.php\/wp-json\/wp\/v2\/media?parent=61"}],"curies":[{"name":"wp","href":"https:\/\/api.w.org\/{rel}","templated":true}]}}