{"id":59,"date":"2015-06-03T12:31:10","date_gmt":"2015-06-03T10:31:10","guid":{"rendered":"http:\/\/test.feuerwehr-muessen.de\/?page_id=59"},"modified":"2015-06-03T12:31:10","modified_gmt":"2015-06-03T10:31:10","slug":"einsaetze-2011","status":"publish","type":"page","link":"https:\/\/feuerwehr-muessen.de\/index.php\/einsaetze-2011\/","title":{"rendered":"Eins\u00e4tze 2011"},"content":{"rendered":"<table class=\"einsaetze\">\n<tbody>\n<tr>\n<th>Nr.<\/th>\n<th>Datum<\/th>\n<th>Uhrzeit<\/th>\n<th>Stra\u00dfe<\/th>\n<th>Einsatzart<\/th>\n<th>Einsatzbeschreibung<\/th>\n<th>Einsatzmittel<\/th>\n<\/tr>\n<tr>\n<td>1<\/td>\n<td>05.01.2011<\/td>\n<td>15:25<\/td>\n<td>B\u00fcchen, Lindenstra\u00dfe<\/td>\n<td>Feuer<\/td>\n<td>brennt Einfamileinhaus<\/td>\n<td>div. C-Strahl-Rohhre, Steckleitern, Einreishaken<\/td>\n<\/tr>\n<tr>\n<td>2<\/td>\n<td>22.01.2011<\/td>\n<td>17:30<\/td>\n<td>Lauenburg, Altstadt<\/td>\n<td>Technische Hilfe, Umweltsschaden<\/td>\n<td>Elbe Hochwasser<\/td>\n<td>Sands\u00e4cke<\/td>\n<\/tr>\n<tr>\n<td>3<\/td>\n<td>30.01.2011<\/td>\n<td>15:12<\/td>\n<td>Pommernweg<\/td>\n<td>Technische Hilfe<\/td>\n<td>T\u00fcr\u00f6ffnung<\/td>\n<td>Hooligantool<\/td>\n<\/tr>\n<tr>\n<td>4<\/td>\n<td>24.02.2011<\/td>\n<td>15:01<\/td>\n<td>Dorfstra\u00dfe, M\u00fchlenstra\u00dfe<\/td>\n<td>Technische Hilfe<\/td>\n<td>\u00d6lspur<\/td>\n<td>\u00d6lbindemittel, Schaufel und Besen<\/td>\n<\/tr>\n<tr>\n<td>5<\/td>\n<td>30.03.2011<\/td>\n<td>07:30<\/td>\n<td>Bahnhof M\u00fcssen, Gleis 1<\/td>\n<td>Feuer<\/td>\n<td>brennt M\u00fclleimer<\/td>\n<td>K\u00fcbelspritze<\/td>\n<\/tr>\n<tr>\n<td>6<\/td>\n<td>19.04.2011<\/td>\n<td>17:13<\/td>\n<td>Klein Pampau, N\u00fcssauerweg<\/td>\n<td>Feuer<\/td>\n<td>B\u00f6schungsbrannd<\/td>\n<td>Feuerpatsche<\/td>\n<\/tr>\n<tr>\n<td>7<\/td>\n<td>22.04.2011<\/td>\n<td>01:37<\/td>\n<td>Alexander von Wachholtsweg<\/td>\n<td>Feuer<\/td>\n<td>brennt Imbiss am See<\/td>\n<td>3 Hohlstrahlrohre<\/td>\n<\/tr>\n<tr>\n<td>8<\/td>\n<td>22.04.2011<\/td>\n<td>19:25<\/td>\n<td>R\u00e4tjenweg<\/td>\n<td>Feuer<\/td>\n<td>Fl\u00e4chenbrand<\/td>\n<td>1 Hohlstrahlrohr<\/td>\n<\/tr>\n<tr>\n<td>9<\/td>\n<td>23.04.2011<\/td>\n<td>19:00<\/td>\n<td>Freizeitgel\u00e4nde am See<\/td>\n<td>Sicherheitswache<\/td>\n<td>Osterfeuer<\/td>\n<td><\/td>\n<\/tr>\n<tr>\n<td>10<\/td>\n<td>25.04.2011<\/td>\n<td>02:29<\/td>\n<td>B\u00fcchen \/ Gr\u00fcner Weg<\/td>\n<td>Feuer<\/td>\n<td>Einfamilienhaus incl. Carport<\/td>\n<td>18 B-Leitungen<br \/>7 Hohlstrahlrohre<\/td>\n<\/tr>\n<tr>\n<td>11<\/td>\n<td>27.04.2011<\/td>\n<td>11:30<\/td>\n<td>Klein Pampau<\/td>\n<td>Fehlalarm<\/td>\n<td>unklare Rauchentwicklung<\/td>\n<td><\/td>\n<\/tr>\n<tr>\n<td>12<\/td>\n<td>12.05.2011<\/td>\n<td>13:34<\/td>\n<td>Schwarzenbeker Stra\u00dfe<\/td>\n<td>Fehlalarm<\/td>\n<td>unklare Rauchentwicklung<\/td>\n<td><\/td>\n<\/tr>\n<tr>\n<td>14<\/td>\n<td>02.07.2011<\/td>\n<td>13:00<\/td>\n<td>Dorfgebiet<\/td>\n<td>Sicherheitswache<\/td>\n<td>Sch\u00fctzenfest<\/td>\n<td><\/td>\n<\/tr>\n<tr>\n<td>15<\/td>\n<td>03.07.2011<\/td>\n<td>09:00<\/td>\n<td>Dorfgebiet<\/td>\n<td>Sicherheitswache<\/td>\n<td>Sch\u00fctzenfest<\/td>\n<td><\/td>\n<\/tr>\n<tr>\n<td>16<\/td>\n<td>20.07.2011<\/td>\n<td>23:00<\/td>\n<td>Raiffeisen<\/td>\n<td>Technische Hilfe<\/td>\n<td>Hydraulik\u00f6l ausgelaufen<\/td>\n<td><\/td>\n<\/tr>\n<tr>\n<td>17<\/td>\n<td>31.07.2011<\/td>\n<td>16:00<\/td>\n<td>Dorfstra\u00dfe<\/td>\n<td>Fehlalarm<\/td>\n<td>Verdacht auf Heubrand<\/td>\n<td>Heusonde<\/td>\n<\/tr>\n<tr>\n<td>18<\/td>\n<td>13.08.2011<\/td>\n<td>05:08<\/td>\n<td>Bartelsdorf<\/td>\n<td>Technische Hilfe<\/td>\n<td>Verkehrsunfall<\/td>\n<td><\/td>\n<\/tr>\n<tr>\n<td>19<\/td>\n<td>21.10.2011<\/td>\n<td>19:14<\/td>\n<td>Witzeeze<br \/>Franzhagener Stra\u00dfe<\/td>\n<td>Alarm\u00fcbung<\/td>\n<td>Brennt Scheune<\/td>\n<td>19 B-Leitungen<br \/>2 Pa-Trupps<\/td>\n<\/tr>\n<tr>\n<td>20<\/td>\n<td>16.11.2011<\/td>\n<td>20:17<\/td>\n<td>Tannenweg<\/td>\n<td>Techn. Hilfe<br \/>Fehlalarm<\/td>\n<td>T\u00fcr\u00f6ffnung<\/td>\n<td><\/td>\n<\/tr>\n<\/tbody>\n<\/table>\n","protected":false},"excerpt":{"rendered":"<p>Nr. Datum Uhrzeit Stra\u00dfe Einsatzart Einsatzbeschreibung Einsatzmittel 1 05.01.2011 15:25 B\u00fcchen, Lindenstra\u00dfe Feuer brennt Einfamileinhaus div. C-Strahl-Rohhre, Steckleitern, Einreishaken 2 22.01.2011 17:30 Lauenburg, Altstadt Technische Hilfe, Umweltsschaden Elbe Hochwasser Sands\u00e4cke 3 30.01.2011 15:12 Pommernweg Technische Hilfe T\u00fcr\u00f6ffnung Hooligantool 4 24.02.2011 15:01 Dorfstra\u00dfe, M\u00fchlenstra\u00dfe Technische Hilfe \u00d6lspur \u00d6lbindemittel, Schaufel und Besen 5 30.03.2011 07:30 Bahnhof M\u00fcssen, &hellip; <a href=\"https:\/\/feuerwehr-muessen.de\/index.php\/einsaetze-2011\/\" class=\"more-link\"><span class=\"screen-reader-text\">Eins\u00e4tze 2011<\/span> weiterlesen <span class=\"meta-nav\">&rarr;<\/span><\/a><\/p>\n","protected":false},"author":1,"featured_media":0,"parent":0,"menu_order":0,"comment_status":"closed","ping_status":"closed","template":"","meta":{"ngg_post_thumbnail":0,"footnotes":""},"class_list":["post-59","page","type-page","status-publish","hentry"],"_links":{"self":[{"href":"https:\/\/feuerwehr-muessen.de\/index.php\/wp-json\/wp\/v2\/pages\/59","targetHints":{"allow":["GET"]}}],"collection":[{"href":"https:\/\/feuerwehr-muessen.de\/index.php\/wp-json\/wp\/v2\/pages"}],"about":[{"href":"https:\/\/feuerwehr-muessen.de\/index.php\/wp-json\/wp\/v2\/types\/page"}],"author":[{"embeddable":true,"href":"https:\/\/feuerwehr-muessen.de\/index.php\/wp-json\/wp\/v2\/users\/1"}],"replies":[{"embeddable":true,"href":"https:\/\/feuerwehr-muessen.de\/index.php\/wp-json\/wp\/v2\/comments?post=59"}],"version-history":[{"count":1,"href":"https:\/\/feuerwehr-muessen.de\/index.php\/wp-json\/wp\/v2\/pages\/59\/revisions"}],"predecessor-version":[{"id":60,"href":"https:\/\/feuerwehr-muessen.de\/index.php\/wp-json\/wp\/v2\/pages\/59\/revisions\/60"}],"wp:attachment":[{"href":"https:\/\/feuerwehr-muessen.de\/index.php\/wp-json\/wp\/v2\/media?parent=59"}],"curies":[{"name":"wp","href":"https:\/\/api.w.org\/{rel}","templated":true}]}}