{"id":564,"date":"2017-02-06T19:26:41","date_gmt":"2017-02-06T18:26:41","guid":{"rendered":"http:\/\/test.feuerwehr-muessen.de\/?page_id=564"},"modified":"2017-02-06T19:26:41","modified_gmt":"2017-02-06T18:26:41","slug":"einsaetze-2016","status":"publish","type":"page","link":"https:\/\/feuerwehr-muessen.de\/index.php\/einsaetze-2016\/","title":{"rendered":"Eins\u00e4tze 2016"},"content":{"rendered":"<br \/>\n<table class=\"einsaetze\">\n<tbody>\n<tr>\n<th>\tDatum\t<\/th>\n<th>\tBeschreibung \t<\/th>\n<th>\tOrt\t<\/th>\n<th>\tBetreffende Wachen\t<\/th>\n<th>\tEinsatzart\t<\/th>\n<\/tr>\n<tr>\n<td>\t09.11.2016\t<\/td>\n<td>\tBaum droht zu fallen \t<\/td>\n<td>\tR\u00e4thjenweg\t<\/td>\n<td>\tFF M\u00fcssen\t<\/td>\n<td>\tTH\t<\/td>\n<\/tr>\n<tr>\n<td>\t08.10.2016\t<\/td>\n<td>\t\u00d6l Spur Langewegstrecke \t<\/td>\n<td>\tSteinkrug,Neue M\u00fchle\t<\/td>\n<td>\tFF M\u00fcssen ,FF Schulendorf,FF B\u00fcchen\t<\/td>\n<td>\tTH\t<\/td>\n<\/tr>\n<tr>\n<td>\t20.09.2016\t<\/td>\n<td>\tRauchmelder Signalisiert \t<\/td>\n<td>\tPommernweg\t<\/td>\n<td>\tFF M\u00fcssen\t<\/td>\n<td>\tFEU\t<\/td>\n<\/tr>\n<tr>\n<td>\t29.08.2016\t<\/td>\n<td>\tRauchentwicklung\t<\/td>\n<td>\tSchwarzenbeker Str\t<\/td>\n<td>\tFF M\u00fcssen,FF Schulendorf\t<\/td>\n<td>\tFEU\t<\/td>\n<\/tr>\n<tr>\n<td>\t28.08.2016\t<\/td>\n<td>\tWasser \u00fcberflutet Strasse\t<\/td>\n<td>\tDorfstrasse \/M\u00fchlenstrasse\t<\/td>\n<td>\tFF M\u00fcssen\t<\/td>\n<td>\tTH\t<\/td>\n<\/tr>\n<tr>\n<td>\t20.08.2016\t<\/td>\n<td>\tVerkehrsunfall \t<\/td>\n<td>\tB\u00fcchenerstrasse ,Bergstrasse\t<\/td>\n<td>\tFF M\u00fcssen,Schulendorf,B\u00fcchen ,RTW \t<\/td>\n<td>\tTH \t<\/td>\n<\/tr>\n<tr>\n<td>\t17.07.2016\t<\/td>\n<td>\tTier in Not\t<\/td>\n<td>\tKlein Pampau\t<\/td>\n<td>\tFF Klein Pampau,FF M\u00fcssen\t<\/td>\n<td>\tTH\t<\/td>\n<\/tr>\n<tr>\n<td>\t25.06.2016\t<\/td>\n<td>\tWasser \u00fcberflutet Strasse\t<\/td>\n<td>\tDorfstrasse\t<\/td>\n<td>\tFF M\u00fcssen\t<\/td>\n<td>\tTH\t<\/td>\n<\/tr>\n<tr>\n<td>\t24.06.2016\t<\/td>\n<td>\tBaum auf Strasse\t<\/td>\n<td>\tGrabauer Strasse\t<\/td>\n<td>\tFF M\u00fcssen\t<\/td>\n<td>\tTH\t<\/td>\n<\/tr>\n<tr>\n<td>\t24.06.2016\t<\/td>\n<td>\tBaum auf Strasse\t<\/td>\n<td>\tSchulendorf\t<\/td>\n<td>\tFF Schulendorf ,FF M\u00fcssen\t<\/td>\n<td>\tTH\t<\/td>\n<\/tr>\n<tr>\n<td>\t10.06.2016\t<\/td>\n<td>\tVerkehrsunfall \t<\/td>\n<td>\tBr\u00f6then\t<\/td>\n<td>\tFF M\u00fcssen und Diverse \t<\/td>\n<td>\tTH\t<\/td>\n<\/tr>\n<tr>\n<td>\t27.05.2016\t<\/td>\n<td>\tVerkehrsunfall \t<\/td>\n<td>\tZwischen B\u00fcchen und Gudow\t<\/td>\n<td>\tFF M\u00fcssen  und Diverse \t<\/td>\n<td>\tTH\t<\/td>\n<\/tr>\n<tr>\n<td>\t27.05.2016\t<\/td>\n<td>\tVerkehrsunfall  mit Tier\t<\/td>\n<td>\tB\u00fcchenerstrasse \t<\/td>\n<td>\tFF M\u00fcssen \t<\/td>\n<td>\tTH\t<\/td>\n<\/tr>\n<tr>\n<td>\t14.03.2016\t<\/td>\n<td>\tFeuer in Garage\t<\/td>\n<td>\tDorfstrasse\t<\/td>\n<td>\tFF M\u00fcssen \t<\/td>\n<td>\tFEU\t<\/td>\n<\/tr>\n<tr>\n<td>\t31.01.2016\t<\/td>\n<td>\tPerson im Gleis\t<\/td>\n<td>\tBahnstrecke HH-BER\t<\/td>\n<td>\tFF M\u00fcssen ,FF B\u00fcchen,FF B\u00fcchen Dorf \t<\/td>\n<td>\tTH\t<\/td>\n<\/tr>\n<tr>\n<td>\t19.01.2016\t<\/td>\n<td>\tFeuer an Geb\u00e4ude\t<\/td>\n<td>\tSchmiedestrasse\t<\/td>\n<td>\tFF M\u00fcssen,FF B\u00fcchen,FF Schulendorf\t<\/td>\n<td>\tFEU\t<\/td>\n<\/tr>\n<\/tbody>\n<\/table>\n","protected":false},"excerpt":{"rendered":"<p>Datum Beschreibung Ort Betreffende Wachen Einsatzart 09.11.2016 Baum droht zu fallen R\u00e4thjenweg FF M\u00fcssen TH 08.10.2016 \u00d6l Spur Langewegstrecke Steinkrug,Neue M\u00fchle FF M\u00fcssen ,FF Schulendorf,FF B\u00fcchen TH 20.09.2016 Rauchmelder Signalisiert Pommernweg FF M\u00fcssen FEU 29.08.2016 Rauchentwicklung Schwarzenbeker Str FF M\u00fcssen,FF Schulendorf FEU 28.08.2016 Wasser \u00fcberflutet Strasse Dorfstrasse \/M\u00fchlenstrasse FF M\u00fcssen TH 20.08.2016 Verkehrsunfall B\u00fcchenerstrasse ,Bergstrasse &hellip; <a href=\"https:\/\/feuerwehr-muessen.de\/index.php\/einsaetze-2016\/\" class=\"more-link\"><span class=\"screen-reader-text\">Eins\u00e4tze 2016<\/span> weiterlesen <span class=\"meta-nav\">&rarr;<\/span><\/a><\/p>\n","protected":false},"author":1,"featured_media":0,"parent":0,"menu_order":0,"comment_status":"closed","ping_status":"closed","template":"","meta":{"ngg_post_thumbnail":0,"footnotes":""},"class_list":["post-564","page","type-page","status-publish","hentry"],"_links":{"self":[{"href":"https:\/\/feuerwehr-muessen.de\/index.php\/wp-json\/wp\/v2\/pages\/564","targetHints":{"allow":["GET"]}}],"collection":[{"href":"https:\/\/feuerwehr-muessen.de\/index.php\/wp-json\/wp\/v2\/pages"}],"about":[{"href":"https:\/\/feuerwehr-muessen.de\/index.php\/wp-json\/wp\/v2\/types\/page"}],"author":[{"embeddable":true,"href":"https:\/\/feuerwehr-muessen.de\/index.php\/wp-json\/wp\/v2\/users\/1"}],"replies":[{"embeddable":true,"href":"https:\/\/feuerwehr-muessen.de\/index.php\/wp-json\/wp\/v2\/comments?post=564"}],"version-history":[{"count":1,"href":"https:\/\/feuerwehr-muessen.de\/index.php\/wp-json\/wp\/v2\/pages\/564\/revisions"}],"predecessor-version":[{"id":565,"href":"https:\/\/feuerwehr-muessen.de\/index.php\/wp-json\/wp\/v2\/pages\/564\/revisions\/565"}],"wp:attachment":[{"href":"https:\/\/feuerwehr-muessen.de\/index.php\/wp-json\/wp\/v2\/media?parent=564"}],"curies":[{"name":"wp","href":"https:\/\/api.w.org\/{rel}","templated":true}]}}