{"id":1689,"date":"2022-02-25T11:52:37","date_gmt":"2022-02-25T10:52:37","guid":{"rendered":"https:\/\/feuerwehr-muessen.de\/?page_id=1689"},"modified":"2023-01-05T19:41:14","modified_gmt":"2023-01-05T18:41:14","slug":"einsaetze-2022","status":"publish","type":"page","link":"https:\/\/feuerwehr-muessen.de\/index.php\/einsaetze-2022\/","title":{"rendered":"Eins\u00e4tze 2022"},"content":{"rendered":"<p>&nbsp;<\/p>\n<table class=\"einsaetze\">\n<tbody>\n<tr>\n<th>Nr.<\/th>\n<th>Datum<\/th>\n<th>Uhrzeit<\/th>\n<th>Ort\/Stra\u00dfe<\/th>\n<th>Einsatzart<\/th>\n<th>Einsatzbeschreibung<\/th>\n<th>Einsatzmittel<\/th>\n<\/tr>\n<tr>\n<td>1<\/td>\n<td>08.01.2022<\/td>\n<td>10:03<\/td>\n<td>M\u00fcssen, M\u00fchlenstra\u00dfe<\/td>\n<td>TH K<\/td>\n<td>T\u00fcr\u00f6ffnung<\/td>\n<td>STLF, TSF\/GW, MTW, RW<\/td>\n<\/tr>\n<tr>\n<td>2<\/td>\n<td>12.01.2022<\/td>\n<td>13:17<\/td>\n<td>M\u00fcssen, Dorfstra\u00dfe<\/td>\n<td>TH K<\/td>\n<td>T\u00fcr\u00f6ffnung<\/td>\n<td>STLF, TSF\/GW, MTW, RW<\/td>\n<\/tr>\n<tr>\n<td>3<\/td>\n<td>13.01.2022<\/td>\n<td>04:51<\/td>\n<td>B\u00fcchen<\/td>\n<td>TH K<\/td>\n<td>Mensch in Not<\/td>\n<td>STLF, TSF\/GW, MTW, FF B\u00fcchen, RW<\/td>\n<\/tr>\n<tr>\n<td>4<\/td>\n<td>29.01.2022<\/td>\n<td>20:19<\/td>\n<td>M\u00fcssen, Louisenhof<\/td>\n<td>TH K<\/td>\n<td>Wettersch\u00e4den<\/td>\n<td>STLF, TSF\/GW, MTW<\/td>\n<\/tr>\n<tr>\n<td>5<\/td>\n<td>29.01.2022<\/td>\n<td>20:25<\/td>\n<td>M\u00fcssen, zum Sportplatz<\/td>\n<td>TH K<\/td>\n<td>Wettersch\u00e4den<\/td>\n<td>STLF, TSF\/GW, MTW<\/td>\n<\/tr>\n<tr>\n<td>6<\/td>\n<td>29.01.2022<\/td>\n<td>20:29<\/td>\n<td>M\u00fcssen, Louisenhof<\/td>\n<td>TH K<\/td>\n<td>Wettersch\u00e4den<\/td>\n<td>STLF, TSF\/GW, MTW<\/td>\n<\/tr>\n<tr>\n<td>7<\/td>\n<td>29.01.2022<\/td>\n<td>20:30<\/td>\n<td>M\u00fcssen, An der Bahn<\/td>\n<td>TH K<\/td>\n<td>Wettersch\u00e4den<\/td>\n<td>STLF, TSF\/GW, MTW<\/td>\n<\/tr>\n<tr>\n<td>8<\/td>\n<td>29.01.2022<\/td>\n<td>20:31<\/td>\n<td>M\u00fcssen, zum Sportplatz<\/td>\n<td>TH K<\/td>\n<td>Wettersch\u00e4den<\/td>\n<td>STLF, TSF\/GW, MTW<\/td>\n<\/tr>\n<tr>\n<td>9<\/td>\n<td>29.01.2022<\/td>\n<td>21:00<\/td>\n<td>M\u00fcssen, b\u00fcchener Stra\u00dfe<\/td>\n<td>TH K<\/td>\n<td>Wettersch\u00e4den<\/td>\n<td>STLF, TSF\/GW, MTW<\/td>\n<\/tr>\n<tr>\n<td>10<\/td>\n<td>30.01.2022<\/td>\n<td>11:13<\/td>\n<td>M\u00fcssen, Louisenhof<\/td>\n<td>TH K<\/td>\n<td>Wettersch\u00e4den<\/td>\n<td>STLF, TSF\/GW, MTW, FF Schwarzenbek<\/td>\n<\/tr>\n<tr>\n<td>11<\/td>\n<td>02.02.2022<\/td>\n<td>9:55<\/td>\n<td>M\u00fcssen, Raiffeisenstra\u00dfe<\/td>\n<td>TH K<\/td>\n<td>Wettersch\u00e4den<\/td>\n<td>STLF, TSF\/GW, MTW<\/td>\n<\/tr>\n<tr>\n<td>12<\/td>\n<td>02.02.2022<\/td>\n<td>10:17<\/td>\n<td>Schulendorf<\/td>\n<td>TH K<\/td>\n<td>Wettersch\u00e4den<\/td>\n<td>STLF, TSF\/GW, MTW<\/td>\n<\/tr>\n<tr>\n<td>13<\/td>\n<td>07.02.2022<\/td>\n<td>10:59<\/td>\n<td>M\u00fcssen, Bergstra\u00dfe<\/td>\n<td>TH K<\/td>\n<td>Wasserschaden<\/td>\n<td>STLF, TSF\/GW, MTW<\/td>\n<\/tr>\n<tr>\n<td>14<\/td>\n<td>08.02.2022<\/td>\n<td>11:32<\/td>\n<td>M\u00fcssen, Bergstra\u00dfe<\/td>\n<td>TH K<\/td>\n<td>Wasserschaden<\/td>\n<td>STLF, TSF\/GW, MTW<\/td>\n<\/tr>\n<tr>\n<td>15<\/td>\n<td>08.02.2022<\/td>\n<td>15:17<\/td>\n<td>M\u00fcssen, M\u00fchlenstra\u00dfe<\/td>\n<td>TH K<\/td>\n<td>\u00d6lspur<\/td>\n<td>STLF, TSF\/GW, MTW<\/td>\n<\/tr>\n<tr>\n<td>16<\/td>\n<td>12.02.2022<\/td>\n<td>15:47<\/td>\n<td>Klein Pampau<\/td>\n<td>FEU 00<\/td>\n<td>Schuppenbrand<\/td>\n<td>STLF, TSF\/GW, MTW, FF Klein Pampau<\/td>\n<\/tr>\n<tr>\n<td>17<\/td>\n<td>16.02.2022<\/td>\n<td>23:25<\/td>\n<td>Schulendorf<\/td>\n<td>FEU 00<\/td>\n<td>Kabelbrand<\/td>\n<td>STLF, TSF\/GW, MTW, FF Schulendorf<\/td>\n<\/tr>\n<tr>\n<td>18<\/td>\n<td>17.02.2022<\/td>\n<td>08:47<\/td>\n<td>M\u00fcssen, Dorfstra\u00dfe<\/td>\n<td>TH K<\/td>\n<td>Wetterschaden<\/td>\n<td>STLF, TSF\/GW, MTW<\/td>\n<\/tr>\n<tr>\n<td>19<\/td>\n<td>17.02.2022<\/td>\n<td>10:49<\/td>\n<td>M\u00fcssen, Zum Sportplatz<\/td>\n<td>TH K<\/td>\n<td>Wetterschaden<\/td>\n<td>STLF, TSF\/GW, MTW<\/td>\n<\/tr>\n<tr>\n<td>20<\/td>\n<td>17.02.2022<\/td>\n<td>11:25<\/td>\n<td>M\u00fcssen, Bahnhofstra\u00dfe<\/td>\n<td>TH K<\/td>\n<td>Wetterschaden<\/td>\n<td>STLF, TSF\/GW, MTW<\/td>\n<\/tr>\n<tr>\n<td>21<\/td>\n<td>17.02.2022<\/td>\n<td>11:37<\/td>\n<td>M\u00fcssen, M\u00fchlenstra\u00dfe<\/td>\n<td>TH K<\/td>\n<td>Wetterschaden<\/td>\n<td>STLF, TSF\/GW, MTW<\/td>\n<\/tr>\n<tr>\n<td>22<\/td>\n<td>17.02.2022<\/td>\n<td>13:01<\/td>\n<td>M\u00fcssen, Schwarzenbeker Stra\u00dfe<\/td>\n<td>TH K<\/td>\n<td>Wetterschaden<\/td>\n<td>STLF, TSF\/GW, MTW<\/td>\n<\/tr>\n<tr>\n<td>23<\/td>\n<td>17.02.2022<\/td>\n<td>16:03<\/td>\n<td>M\u00fcssen, Von-Wachholtz-Weg<\/td>\n<td>TH K<\/td>\n<td>Wetterschaden<\/td>\n<td>STLF, TSF\/GW, MTW<\/td>\n<\/tr>\n<tr>\n<td>24<\/td>\n<td>18.02.2022<\/td>\n<td>14:38<\/td>\n<td>M\u00fcssen, Grabauer Stra\u00dfe<\/td>\n<td>TH K<\/td>\n<td>Wetterschaden<\/td>\n<td>STLF, TSF\/GW, MTW<\/td>\n<\/tr>\n<tr>\n<td>25<\/td>\n<td>19.02.2022<\/td>\n<td>01:29<\/td>\n<td>M\u00fcssen, Dorfstra\u00dfe<\/td>\n<td>TH K<\/td>\n<td>Wetterschaden<\/td>\n<td>STLF, TSF\/GW, MTW<\/td>\n<\/tr>\n<tr>\n<td>26<\/td>\n<td>19.02.2022<\/td>\n<td>06:24<\/td>\n<td>M\u00fcssen, Bahnhofstra\u00dfe<\/td>\n<td>TH K<\/td>\n<td>Wetterschaden<\/td>\n<td>STLF, TSF\/GW, MTW<\/td>\n<\/tr>\n<tr>\n<td>27<\/td>\n<td>19.02.2022<\/td>\n<td>06:40<\/td>\n<td>M\u00fcssen, Louisenhof<\/td>\n<td>TH K<\/td>\n<td>Wetterschaden, IBC auf Fahrbahn<\/td>\n<td>STLF, TSF\/GW, MTW<\/td>\n<\/tr>\n<tr>\n<td>28<\/td>\n<td>19.02.2022<\/td>\n<td>07:00<\/td>\n<td>M\u00fcssen, Louisenhof<\/td>\n<td>TH K<\/td>\n<td>Wetterschaden<\/td>\n<td>STLF, TSF\/GW, MTW<\/td>\n<\/tr>\n<tr>\n<td>29<\/td>\n<td>19.02.2022<\/td>\n<td>07:48<\/td>\n<td>M\u00fcssen, Bergstra\u00dfe<\/td>\n<td>TH K<\/td>\n<td>Wetterschaden<\/td>\n<td>STLF, TSF\/GW, MTW<\/td>\n<\/tr>\n<tr>\n<td>30<\/td>\n<td>19.02.2022<\/td>\n<td>08:20<\/td>\n<td>M\u00fcssen, Bergstra\u00dfe<\/td>\n<td>TH K<\/td>\n<td>Wetterschaden<\/td>\n<td>STLF, TSF\/GW, MTW<\/td>\n<\/tr>\n<tr>\n<td>31<\/td>\n<td>19.02.2022<\/td>\n<td>09:00<\/td>\n<td>M\u00fcssen<\/td>\n<td>TH K<\/td>\n<td>Wetterschaden<\/td>\n<td>STLF, TSF\/GW, MTW<\/td>\n<\/tr>\n<tr>\n<td>32<\/td>\n<td>19.02.2022<\/td>\n<td>09:11<\/td>\n<td>M\u00fcssen, Raiffeisenstra\u00dfe<\/td>\n<td>TH K<\/td>\n<td>Wetterschaden<\/td>\n<td>STLF, TSF\/GW, MTW<\/td>\n<\/tr>\n<tr>\n<td>33<\/td>\n<td>19.02.2022<\/td>\n<td>09:45<\/td>\n<td>M\u00fcssen, R\u00e4thjenweg<\/td>\n<td>TH K<\/td>\n<td>Wetterschaden<\/td>\n<td>STLF, TSF\/GW, MTW<\/td>\n<\/tr>\n<tr>\n<td>34<\/td>\n<td>19.02.2022<\/td>\n<td>10:05<\/td>\n<td>M\u00fcssen, Grabauer Stra\u00dfe<\/td>\n<td>TH K<\/td>\n<td>Wetterschaden<\/td>\n<td>STLF, TSF\/GW, MTW<\/td>\n<\/tr>\n<tr>\n<td>35<\/td>\n<td>19.02.2022<\/td>\n<td>10:20<\/td>\n<td>M\u00fcssen, Bergstra\u00dfe<\/td>\n<td>TH K<\/td>\n<td>Wetterschaden<\/td>\n<td>STLF, TSF\/GW, MTW<\/td>\n<\/tr>\n<tr>\n<td>36<\/td>\n<td>19.02.2022<\/td>\n<td>10:30<\/td>\n<td>M\u00fcssen, Grenzweg<\/td>\n<td>TH K<\/td>\n<td>Wetterschaden<\/td>\n<td>STLF, TSF\/GW, MTW, FF B\u00fcchen<\/td>\n<\/tr>\n<tr>\n<td>37<\/td>\n<td>21.02.2022<\/td>\n<td>22:04<\/td>\n<td>Elmenhorst<\/td>\n<td>TH K<\/td>\n<td>&nbsp;<\/td>\n<td>&nbsp;MTW<\/td>\n<\/tr>\n<tr>\n<td>38<\/td>\n<td>07.03.2022<\/td>\n<td>16:29<\/td>\n<td>Klein Pampau<\/td>\n<td>FEU 00<\/td>\n<td>Kleinbrand<\/td>\n<td>STLF, TSF\/GW, MTW<\/td>\n<\/tr>\n<tr>\n<td>39<\/td>\n<td>06.04.2022<\/td>\n<td>17:56<\/td>\n<td>M\u00fcssen, Louisenhof und B209<\/td>\n<td>TH K<\/td>\n<td>\u00d6lspur<\/td>\n<td>STLF, TSF\/GW, MTW<\/td>\n<\/tr>\n<tr>\n<td>40<\/td>\n<td>07.04.2022<\/td>\n<td>02:30<\/td>\n<td>B\u00fcchen, Pommernweg<\/td>\n<td>FEU 02<\/td>\n<td>Dachstuhlbrand<\/td>\n<td>STLF, TSF\/GW, MTW, FF B\u00fcchen, FF B\u00fcchen-Dorf, FF Schwarzenbek, RW Basedow<\/td>\n<\/tr>\n<tr>\n<td>41<\/td>\n<td>16.04.2022<\/td>\n<td>19:00<\/td>\n<td>M\u00fcssen, Louisenhof<\/td>\n<td>FEU K 00<\/td>\n<td>Unklare Rauchentwicklung<\/td>\n<td>STLF, TSF\/GW, MTW<\/td>\n<\/tr>\n<tr>\n<td>42<\/td>\n<td>19.04.2022<\/td>\n<td>08:36<\/td>\n<td>M\u00fcssen, Raiffeisenstra\u00dfe<\/td>\n<td>TH NIL K<\/td>\n<td>Amtshilfe Polizei<\/td>\n<td>STLF, MTW, FF Schulendorf, Erkunder FF Schwarzenbek, LZG Messtrupp<\/td>\n<\/tr>\n<tr>\n<td>43<\/td>\n<td>21.04.2022<\/td>\n<td>19:19<\/td>\n<td>M\u00fcssen, Louisenhof<\/td>\n<td>FEU BMA<\/td>\n<td>Ausgel\u00f6ste Brandmeldeanlage<\/td>\n<td>STLF, TSF\/GW, MTW, FF Schwarzenbek, RW Geesthacht, Polizei<\/td>\n<\/tr>\n<tr>\n<td>44<\/td>\n<td>13.06.2022<\/td>\n<td>19:42<\/td>\n<td>B\u00fcchen, Auf der Geest<\/td>\n<td>FEU BMA<\/td>\n<td>Ausgel\u00f6ste Brandmeldeanlage<\/td>\n<td>STLF, TSF\/GW, MTW, FF B\u00fcchen, FF B\u00fcchen-Dorf, RW B\u00fcchen<br \/>Einsatzabbruch f\u00fcr FF M\u00fcssen noch auf der Anfahrt<\/td>\n<\/tr>\n<tr>\n<td>45<\/td>\n<td>15.06.2022<\/td>\n<td>14:21<\/td>\n<td>B\u00fcchen, Lauenburger Stra\u00dfe<\/td>\n<td>FEU 00<\/td>\n<td>B\u00f6schungsbrand<\/td>\n<td>STLF, TSF\/GW, MTW, FF B\u00fcchen, FF B\u00fcchen-Dorf, RW Basedow<\/td>\n<\/tr>\n<tr>\n<td>46<\/td>\n<td>01.07.2022<\/td>\n<td>07:27<\/td>\n<td>B\u00fcchen, B\u00fcrgermeister-Drews-Stra\u00dfe<\/td>\n<td>FEU 00<\/td>\n<td>Anbau brennt<\/td>\n<td>STLF, FF B\u00fcchen, FF B\u00fcchen-Dorf, RW B\u00fcchen<\/td>\n<\/tr>\n<tr>\n<td>47<\/td>\n<td>01.07.2022<\/td>\n<td>07:50<\/td>\n<td>M\u00fcssen, M\u00fchlenstra\u00dfe<\/td>\n<td>TH K 00<\/td>\n<td>Stra\u00dfe unter Wasser<\/td>\n<td>MTW, Anh\u00e4nger, STLF, TSF-GW<\/td>\n<\/tr>\n<tr>\n<td>48<\/td>\n<td>20.07.2022<\/td>\n<td>15:53<\/td>\n<td>B\u00fcchen, N\u00fcssauer Weg<\/td>\n<td>FEU 00<\/td>\n<td>B\u00f6schungsbrand<\/td>\n<td>MTW, STLF, TSF-GW, FF Klein Pampau, FF Roseburg, FF Schulendorf<\/td>\n<\/tr>\n<tr>\n<td>49<\/td>\n<td>04.08.2022<\/td>\n<td>18:19<\/td>\n<td>M\u00fcssen, Lauenburger Stra\u00dfe<\/td>\n<td>TH K 00<\/td>\n<td>Baum auf Stra\u00dfe<\/td>\n<td>MTW, STLF, TSF-GW<\/td>\n<\/tr>\n<tr>\n<td>50<\/td>\n<td>12.09.2022<\/td>\n<td>13:04<\/td>\n<td>M\u00fcssen, An der Bahn<\/td>\n<td>TH K DRZF<\/td>\n<td>Baum droht zu fallen<\/td>\n<td>TSF-GW, STLF<\/td>\n<\/tr>\n<tr>\n<td>51<\/td>\n<td>11.10.2022<\/td>\n<td>13:57<\/td>\n<td>M\u00fcssen, M\u00fchlenstra\u00dfe<\/td>\n<td>TH K 00<\/td>\n<td>Keller unter Wasser<\/td>\n<td>TSF-GW, STLF, sonst. LF<\/td>\n<\/tr>\n<tr>\n<td>52<\/td>\n<td>26.10.2022<\/td>\n<td>13:22<\/td>\n<td>M\u00fcssen, Von-Wachholtz-Weg<\/td>\n<td>TH K Notfall T\u00fcr verschlossen<\/td>\n<td>T\u00fcr\u00f6ffnung f\u00fcr Rettungsdienst<\/td>\n<td>MTW, TSF-GW, sonst. LF, RW Lanken, FF Schulendorf, FF B\u00fcchen<\/td>\n<\/tr>\n<tr>\n<td>53<\/td>\n<td>13.11.2022<\/td>\n<td>08:10<\/td>\n<td>M\u00fcssen, Bahnstrecke<\/td>\n<td>TH Bahn Y<\/td>\n<td>Vom ICE getroffenes Objekt stellte sich als Reh heraus, nachdem zun\u00e4chst von einer Person ausgegangen wurde<\/td>\n<td>MTW, TSF-GW, STLF, sonst. LF, RW Schwarzenbek, FF Schulendorf, Polizei<\/td>\n<\/tr>\n<tr>\n<td>54<\/td>\n<td>14.11.2022<\/td>\n<td>02:03<\/td>\n<td>M\u00fcssen, Am Sande<\/td>\n<td>TH K TV 01<\/td>\n<td>T\u00fcr verschlossen, Hilflose Person<\/td>\n<td>MTW, TSF-GW, STLF, sonst. LF, RW Schwarzenbek, FF Schulendorf, FF B\u00fcchen, Polizei<\/td>\n<\/tr>\n<tr>\n<td>55<\/td>\n<td>14.11.2022<\/td>\n<td>16:28<\/td>\n<td>Bartelsdorf, Kiebitzstra\u00dfe<\/td>\n<td>FEU G 00<\/td>\n<td>Brennt KFZ in bzw. vor Werkstatt<\/td>\n<td>MTW, TSF-GW, STLF, sonst. LF, RW B\u00fcchen, FF Schulendorf, FF B\u00fcchen, FF Schwarzenbek, FF Witzeeze, Polizei<\/td>\n<\/tr>\n<tr>\n<td>56<\/td>\n<td>07.12.2022<\/td>\n<td>16:28<\/td>\n<td>M\u00fcssen, Lauenburger Stra\u00dfe<\/td>\n<td>FEU K 00<\/td>\n<td>Unklare Rauchentwicklung<\/td>\n<td>MTW, TSF-GW, STLF, sonst. LF, FF Schulendorf<\/td>\n<\/tr>\n<\/tbody>\n<\/table>\n","protected":false},"excerpt":{"rendered":"<p>&nbsp; Nr. Datum Uhrzeit Ort\/Stra\u00dfe Einsatzart Einsatzbeschreibung Einsatzmittel 1 08.01.2022 10:03 M\u00fcssen, M\u00fchlenstra\u00dfe TH K T\u00fcr\u00f6ffnung STLF, TSF\/GW, MTW, RW 2 12.01.2022 13:17 M\u00fcssen, Dorfstra\u00dfe TH K T\u00fcr\u00f6ffnung STLF, TSF\/GW, MTW, RW 3 13.01.2022 04:51 B\u00fcchen TH K Mensch in Not STLF, TSF\/GW, MTW, FF B\u00fcchen, RW 4 29.01.2022 20:19 M\u00fcssen, Louisenhof TH K Wettersch\u00e4den &hellip; <a href=\"https:\/\/feuerwehr-muessen.de\/index.php\/einsaetze-2022\/\" class=\"more-link\"><span class=\"screen-reader-text\">Eins\u00e4tze 2022<\/span> weiterlesen <span class=\"meta-nav\">&rarr;<\/span><\/a><\/p>\n","protected":false},"author":1,"featured_media":0,"parent":0,"menu_order":0,"comment_status":"closed","ping_status":"closed","template":"","meta":{"ngg_post_thumbnail":0,"footnotes":""},"class_list":["post-1689","page","type-page","status-publish","hentry"],"_links":{"self":[{"href":"https:\/\/feuerwehr-muessen.de\/index.php\/wp-json\/wp\/v2\/pages\/1689","targetHints":{"allow":["GET"]}}],"collection":[{"href":"https:\/\/feuerwehr-muessen.de\/index.php\/wp-json\/wp\/v2\/pages"}],"about":[{"href":"https:\/\/feuerwehr-muessen.de\/index.php\/wp-json\/wp\/v2\/types\/page"}],"author":[{"embeddable":true,"href":"https:\/\/feuerwehr-muessen.de\/index.php\/wp-json\/wp\/v2\/users\/1"}],"replies":[{"embeddable":true,"href":"https:\/\/feuerwehr-muessen.de\/index.php\/wp-json\/wp\/v2\/comments?post=1689"}],"version-history":[{"count":32,"href":"https:\/\/feuerwehr-muessen.de\/index.php\/wp-json\/wp\/v2\/pages\/1689\/revisions"}],"predecessor-version":[{"id":1831,"href":"https:\/\/feuerwehr-muessen.de\/index.php\/wp-json\/wp\/v2\/pages\/1689\/revisions\/1831"}],"wp:attachment":[{"href":"https:\/\/feuerwehr-muessen.de\/index.php\/wp-json\/wp\/v2\/media?parent=1689"}],"curies":[{"name":"wp","href":"https:\/\/api.w.org\/{rel}","templated":true}]}}