{"id":1457,"date":"2020-01-14T12:49:39","date_gmt":"2020-01-14T11:49:39","guid":{"rendered":"https:\/\/feuerwehr-muessen.de\/?page_id=1457"},"modified":"2020-12-28T13:23:34","modified_gmt":"2020-12-28T12:23:34","slug":"berichte-2020","status":"publish","type":"page","link":"https:\/\/feuerwehr-muessen.de\/index.php\/berichte-2020\/","title":{"rendered":"Berichte 2020"},"content":{"rendered":"<h3 class=\"berichte\"> 18.12.2020.2020  22:51 Uhr Uhr<\/h3>\n<p>Um 22:51 Uhr wurden wir durch Sirene und Meldeempf\u00e4nger zu einem Feuer in der B\u00fcchener Sporthalle gerufen. Am Einsatzort \u00fcbernahmen wir gemeinsam mit der Feuerwehr Witzeeze einen Einsatzabschnitt.<br \/>\nUnsere Aufgabe war, einen L\u00f6schangriff durch die Lagerr\u00e4ume der Sporthalle durchzuf\u00fchren, um ein Ausbreiten der Flammen in die Sporthalle zu verhindern. Der erste Angriffstrupp f\u00fchrte sofort die Brandbek\u00e4mpfung in der Sporthalle durch, da die Flammen bereits auf die Holzverkleidung der Trib\u00fchne \u00fcbergegriffen haben.<br \/>\nNach kurzer Zeit ging der zweite Angriffstrupp ins Geb\u00e4ude und unterst\u00fctzte bei der Brandbek\u00e4mpfung. <\/p>\n<p>Als das Feuer einged\u00e4mmt war tauschten wir die Angriffstrupps und durchsuchten die Umkleiden der Sporthalle mit Hilfe der W\u00e4rmebildkamera auf Personen und Glutnester.<br \/>\nInsgesamt wurden an diesem Einsatzabschnitt 6 Angriffstrupps unter Atemschutz eingesetzt. <\/p>\n<p>Nach 2,5 Stunden war der Brand so weit unter Kontrolle, dass wir unsere Ger\u00e4tschaften wieder auf den Fahrzeugen verlasten und in das Feuerwehr Ger\u00e4tehaus einr\u00fccken konnten.<\/p>\n<div class=\"su-row\">\n<div class=\"su-column su-column-size-1-2\"><div class=\"su-column-inner su-u-clearfix su-u-trim\">\n<a href=\"https:\/\/feuerwehr-muessen.de\/wp-content\/uploads\/2020\/12\/ff-02.jpg\"><img loading=\"lazy\" decoding=\"async\" src=\"https:\/\/feuerwehr-muessen.de\/wp-content\/uploads\/2020\/12\/ff-02-450x299.jpg\" alt=\"\" width=\"450\" height=\"299\" class=\"aligncenter size-medium wp-image-1593\" srcset=\"https:\/\/feuerwehr-muessen.de\/wp-content\/uploads\/2020\/12\/ff-02-450x299.jpg 450w, https:\/\/feuerwehr-muessen.de\/wp-content\/uploads\/2020\/12\/ff-02.jpg 599w\" sizes=\"auto, (max-width: 450px) 100vw, 450px\" \/><\/a><br \/>\n<\/div><\/div>\n<div class=\"su-column su-column-size-1-2\"><div class=\"su-column-inner su-u-clearfix su-u-trim\">\n<a href=\"https:\/\/feuerwehr-muessen.de\/wp-content\/uploads\/2020\/12\/ff-03.jpg\"><img loading=\"lazy\" decoding=\"async\" src=\"https:\/\/feuerwehr-muessen.de\/wp-content\/uploads\/2020\/12\/ff-03-450x300.jpg\" alt=\"\" width=\"450\" height=\"300\" class=\"aligncenter size-medium wp-image-1594\" srcset=\"https:\/\/feuerwehr-muessen.de\/wp-content\/uploads\/2020\/12\/ff-03-450x300.jpg 450w, https:\/\/feuerwehr-muessen.de\/wp-content\/uploads\/2020\/12\/ff-03.jpg 1000w\" sizes=\"auto, (max-width: 450px) 100vw, 450px\" \/><\/a><br \/>\n<\/div><\/div>\n<\/div>\n<div class=\"ub-clear\"><\/div>\n<div class=\"ub-spacer\"><\/div>\n<div class=\"su-row\">\n<div class=\"su-column su-column-size-1-2\"><div class=\"su-column-inner su-u-clearfix su-u-trim\">\n<a href=\"https:\/\/feuerwehr-muessen.de\/wp-content\/uploads\/2020\/12\/ff-01.jpg\"><img loading=\"lazy\" decoding=\"async\" src=\"https:\/\/feuerwehr-muessen.de\/wp-content\/uploads\/2020\/12\/ff-01-450x300.jpg\" alt=\"\" width=\"450\" height=\"300\" class=\"aligncenter size-medium wp-image-1595\" srcset=\"https:\/\/feuerwehr-muessen.de\/wp-content\/uploads\/2020\/12\/ff-01-450x300.jpg 450w, https:\/\/feuerwehr-muessen.de\/wp-content\/uploads\/2020\/12\/ff-01.jpg 1000w\" sizes=\"auto, (max-width: 450px) 100vw, 450px\" \/><\/a><\/p>\n<\/div><\/div>\n<div class=\"su-column su-column-size-1-2\"><div class=\"su-column-inner su-u-clearfix su-u-trim\">\n<a href=\"https:\/\/feuerwehr-muessen.de\/wp-content\/uploads\/2020\/12\/ff-04.jpg\"><img loading=\"lazy\" decoding=\"async\" src=\"https:\/\/feuerwehr-muessen.de\/wp-content\/uploads\/2020\/12\/ff-04-450x300.jpg\" alt=\"\" width=\"450\" height=\"300\" class=\"aligncenter size-medium wp-image-1596\" srcset=\"https:\/\/feuerwehr-muessen.de\/wp-content\/uploads\/2020\/12\/ff-04-450x300.jpg 450w, https:\/\/feuerwehr-muessen.de\/wp-content\/uploads\/2020\/12\/ff-04.jpg 1000w\" sizes=\"auto, (max-width: 450px) 100vw, 450px\" \/><\/a><br \/>\n<\/div><\/div>\n<\/div>\n<div class=\"ub-clear\"><\/div>\n<div class=\"ub-spacer\"><\/div>\n<h3 class=\"berichte\"> 17.12.2020.2020  10:43 Uhr Uhr<\/h3>\n<p>Um 10:43 Uhr wurden wir durch Meldeempf\u00e4nger zu einer \u00d6lspur gerufen. Diese wurde durch ein defektes Fahrzeug verursacht und erstreckte sich von Louisenhof bis in den M\u00fcssener Ortskern. Die 10 Kameraden streuten die Spur ab und nahmen das \u00d6lbindemittel anschlie\u00dfend wieder auf. <\/p>\n<h3 class=\"berichte\"> 27.11.2020  17:43 Uhr<\/h3>\n<p>Um 17:43 Uhr wurden wir durch Sirene und Meldeempf\u00e4nger zu einem Fl\u00e4chenbrand gerufen. Vor Ort befand sich ein angemeldetes Lagerfeuer. Somit r\u00fcckten wir wieder ein. <\/p>\n<h3 class=\"berichte\"> 26.11.2020  12:55 Uhr Uhr<\/h3>\n<p>Um 12:55 Uhr wurden wir durch Meldeempf\u00e4nger zu mehreren \u00d6lspuren im Ortsgebiet gerufen. Wir streuten diese mit \u00d6lbindemittel ab und nahmen dieses anschlie\u00dfend wieder auf. Nach einer guten Stunde r\u00fcckten die Kameraden wieder in das Feuerwehrger\u00e4tehaus ein.<\/p>\n<h3 class=\"berichte\"> 24.10.2020  06:55 Uhr<\/h3>\n<p>Um 06:55 Uhr wurden wir zu einem brennenden Anbau in B\u00fcchen gerufen. <\/p>\n<p>Am Einsatzort haben die Flammen bereits auf das Geb\u00e4udedach \u00fcbergegriffen. Wir stellten einen Sicherungstrupp f\u00fcr den Angriffstrupp, der die Brandbek\u00e4mpfung \u00fcbernahm und Kontrollierten mit einem zweiten PA-Trupp die dem Feuer abgewandte Dachseite, um eine Ausbreitung des Feuers rechtzeitig verhindern zu k\u00f6nnen. <\/p>\n<p>Nach circa einer Stunde gab es f\u00fcr uns Abspann. Daraufhin verlasteten wir alle benutzten Ger\u00e4te und r\u00fcckten wieder in das Feuerwehrger\u00e4tehaus ein. <\/p>\n<h3 class=\"berichte\"> 05.10.2020  13:52 Uhr<\/h3>\n<p>Um 13:52 Uhr wurden wir zu einer starken Rauchentwicklung alamiert. Vor Ort war ein unsachgem\u00e4\u00dfes und unangemeldetes Feuer, was zur Alamierung f\u00fchrte. Wir r\u00fcckten mit 15 Kameraden an und l\u00f6schten das Feuer mit 600l Wasser ab.<\/p>\n<p>F\u00fcr die Feuerwehren B\u00fcchen und Schulendorf gab es Abspann.<\/p>\n<h3 class=\"berichte\">30.09.2020 9:52 Uhr<\/h3>\n<p>Um 09:52 Uhr wurden wir durch Sirene und Meldeempf\u00e4nger zu einer ausgesl\u00f6sten Brandmeldeanlage gerufen. Als die 11 Kameraden am Einsatzort ankamen stellte sich heraus, dass die Brandmeldeanlage durch einen Dampfkessel ausgel\u00f6st wurde und keine weitere Gefahr bestand. Die Brandmeldeanlage wurde zur\u00fcckgestellt und die Kameraden r\u00fcckten wieder ein.<\/p>\n<h3 class=\"berichte\">04.09.2020 09:46 Uhr<\/h3>\n<p>Um 09:46 Uhr wurden wir durch Sirene und Meldeempf\u00e4nger in die Stra\u00dfe &#8222;An der Bahn&#8220; gerufen. Dort hing in circa 8 Metern h\u00f6he ein gro\u00dfer Ast, der abzust\u00fcrzen drohte. Mit Hilfe der Drehleiter, der Feuerwehr Schwarzenbek, nahmen wir den Ast vom Baum und r\u00e4umten diesen bei Seite. Gegen 11:00 Uhr r\u00fcckten die Kameraden wieder ins Feuerwehrger\u00e4tehaus ein.<\/p>\n<h3 class=\"berichte\">26.08.2020 20:50 Uhr<\/h3>\n<p>Um 20:50 Uhr wurden wir durch Meldeempf\u00e4nger zu einem &#8222;Baum auf Stra\u00dfe&#8220; gerufen. Am Einsatzort angekommen zers\u00e4gten wir den Baum und entfernten die Teile von der Fahrbahn. Nach 15 Minuten r\u00fcckten die Kameraden wieder ins Feuerwehrger\u00e4tehaus ein.<\/p>\n<h3 class=\"berichte\">07.08.2020 &#8211; 09:31 Uhr<\/h3>\n<p>Um 09:31 Uhr wurden wir durch Sirene und Meldeempf\u00e4nger zu einer \u00d6lspur im M\u00fcssener Ortsgebiet gerufen. Wir streuten die \u00d6lspur mit \u00d6lbindemittel um das \u00d6l zu binden. Daraufhin nahmen wir dieses wieder auf. <\/p>\n<p>Nach circa 30 Minuten wurde die Gefahr beseitigt und die Kameraden r\u00fcckten wieder ins Feuerwehrger\u00e4tehaus ein.<\/p>\n<h3 class=\"berichte\">14.07.2020 &#8211; 00:19 Uhr<\/h3>\n<p>Auf Grund eines Gefahrguteinsatzes in B\u00fcchen wurden wir um 00:19 Uhr \u00fcber Meldeempf\u00e4nger zu einer Lageerkundung im Ortsgebiet gerufen.<\/p>\n<p>Unsere Aufgabe war es die Abwasserpumpstationen im Ortsgebiet abzusichern und auszuleuchten, um die Kameraden des L\u00f6schzug-Gefahrgut zu unterst\u00fctzen. Diese \u00fcberpr\u00fcften die \u00f6rtlichen Stationen auf einen Stoff der in B\u00fcchen freigesetzt wurde, nachdem mehrere Anrufer ungew\u00f6hnliche Ger\u00fcche im Ort meldeten.<\/p>\n<p>Es konnten keine Spuren des Stoffes nachgewiesen werden.<\/p>\n<h3 class=\"berichte\">10.07.2020 &#8211; 22:57 Uhr<\/h3>\n<p>Um 22:57 Uhr wurden wir durch Meldeeemfp\u00e4nger zu einer \u00d6lspur in der Schwarzenbeker Stra\u00dfe gerufen.<\/p>\n<p>Vor Ort streuten wir die \u00d6lspur mit \u00d6lbindemittel ab und nahmen dieses anschlie\u00dfend wieder auf. Nach circa 30 Minuten r\u00fcckten wir wieder ins Feuerwehrger\u00e4tehaus ein.<\/p>\n<h3 class=\"berichte\">28.06.2020 &#8211; 11:53 Uhr<\/h3>\n<p>Um 11:53 Uhr wurden wir durch Meldeempf\u00e4nger in die M\u00fchlenstra\u00dfe gerufen. Dort kam es durch kurzzeitig starken Regen zu einer \u00dcberschw\u00e4mmung der Stra\u00dfe. Wir sorgten f\u00fcr Ablauf, um ein sicheres Befahren der Stra\u00dfe zu gew\u00e4hrleisten.<\/p>\n<h3 class=\"berichte\">24.06.2020 &#8211; 11:56 Uhr<\/h3>\n<p>Um 11:56 Uhr wurden wir durch zu einem LKW-Brand in B\u00fcchen gerufen.<\/p>\n<p>Als wir am Einsatzort eintrafen waren die B\u00fcchener Kameraden bereits am l\u00f6schen. Es brannte ein Radlader auf einer Baustelle.<\/p>\n<p>Wir stellten 2 PA-Trupps und halfen beim Aufbau einer Wasserversorgung. Nach einer halben Stunde meldete der B\u00fcchener Angriffstrupp &#8222;Feuer aus&#8220;. Nach gemeinsamen R\u00fcckbau der Ger\u00e4te und Schl\u00e4uche r\u00fcckten die Kameraden wieder ins Feuerwehr Ger\u00e4tehaus ein.<\/p>\n<p><a href=\"http:\/\/feuerwehr-muessen.de\/index.php\/galerie\/\">Fotos hierzu in der Galerie<\/a><\/p>\n<h3 class=\"berichte\">08.06.2020 &#8211; 16:47 Uhr<\/h3>\n<p>Um 16:47 Uhr wurden wir durch Sirene und Meldeempf\u00e4nger zu einem Heckenbrand in der B\u00fcchener Stra\u00dfe gerufen. Vor Ort wurde das Feuer bereits durch Anwohner gel\u00f6scht. Wir kontrollierten die Hecke mit der W\u00e4rmebildkamera und r\u00fcckten anschlie\u00dfend wieder ins Feuerwehrger\u00e4tehaus ein.<\/p>\n<h3 class=\"berichte\">02.06.2020 &#8211; 17:30 Uhr<\/h3>\n<p>Um 17:30 Uhr wurden wir durch Sirene und Meldeempf\u00e4nger nach B\u00fcchen P\u00f6trau alamiert. Dort sollte ein Feuer in einer Tischlerei ausgebrochen sein. Kurz nachdem wir die Einsatzstelle erreichten, meldete uns die Feuerwehr B\u00fcchen, dass keine weiteren Kr\u00e4fte ben\u00f6tigt werden.<\/p>\n<p>Somit r\u00fcckten wir wieder ins Feuerwehrger\u00e4tehaus ein.<\/p>\n<h3 class=\"berichte\">27.05.2020 &#8211; 22:45 Uhr<\/h3>\n<p>Um 22:45 Uhr wurden wir duch Meldeempf\u00e4nger zu einem Wildunfall gerufen. Vor Ort befand sich ein verletzter Rehbock in einer Stra\u00dfengrabenunterf\u00fchrung. Im Beisein eines J\u00e4gers wurde das Tier aus der Notlage befreit.<\/p>\n<p>Um 23:30 Uhr r\u00fcckten die Kameraden wieder ins Feuerwehrger\u00e4tehaus ein.<\/p>\n<h3 class=\"berichte\">20.02.20 &#8211; 17:52 Uhr<\/h3>\n<p>Um 17:52 Uhr wurden wir durch Sirene und Meldeempf\u00e4nger nach Klein Pampau gerufen.<\/p>\n<p>Dort piepte, in einer leerstehenden Wohnung, ein Rauchmelder. Wir \u00f6ffneten im Beisein der Polzei die Wohnungst\u00fcr mit unserem T\u00fcr\u00f6ffnungswerkzeug, und erkundeten die Wohnung. Es konnte kein Feuer oder \u00c4hnliches festgestellt werden.<\/p>\n<p>Nach einer Stunde r\u00fcckten 16 m\u00fcssener Kameraden ins Feuerwehrger\u00e4tehaus ein.<\/p>\n<h3 class=\"berichte\">11.02.20 &#8211; 13:39 Uhr<\/h3>\n<p>Um 13:39 ert\u00f6nten wieder die Meldeempf\u00e4nger und Sierene. Dieses Mal ging es nach Klein Pampau in die M\u00fcssener Stra\u00dfe. Hier unterst\u00fctzten wir die FF Klein pampau bei der Beseitigung eines umgest\u00fcrzten Baumes.<\/p>\n<h3 class=\"berichte\">10.02.20 &#8211; 12:05 Uhr<\/h3>\n<p>Um 12:05 Uhr ert\u00f6nten Meldeempf\u00e4nger und Sirene im Ort. 2 B\u00e4ume wurden entwurzelt und haben sich in einander verfangen.<\/p>\n<p>Da das weitere S\u00e4gen durch die starken Winde zu gef\u00e4hrlich war, wurde die Feuerwehr B\u00fcchen mit einer Seilwinde hinzualarmiert.<\/p>\n<p>Somit konnten die B\u00e4ume gefahrlos auseinander gezogen und abgearbeitet werden.<\/p>\n<h3 class=\"berichte\">05.02.20 &#8211; 19:02 Uhr<\/h3>\n<p>Um 19:02 Uhr wurden wir durch Sirene und Meldeempf\u00e4nger zu einer unklaren Rauchentwicklung alarmiert. Vor Ort fanden wir ein leicht verrauchtes Geb\u00e4ude vor. Bei Erkundung des Geb\u00e4udes wurde klar, dass eine Deckenleuchte aufgeraucht ist.<br \/>\nWir demontierten die Deckenleuchte und \u00fcberpr\u00fcften die umliegende Decke. Anschlie\u00dfend l\u00fcfteten wir die verrauchten R\u00e4ume. <\/p>\n<p>Nach ca. 30 Minuten r\u00fcckten wir wieder ins Feuerwehrger\u00e4tehaus ein.<\/p>\n<h3 class=\"berichte\">29.01.2020 &#8211; 15:26 Uhr<\/h3>\n<p>Um 15:26 Uhr wurden wir durch Meldeempf\u00e4nger in die Bahnhofstra\u00dfe gerufen.<\/p>\n<p>Durch ein Hindernis wurde der Bachlauf der M\u00fchlenbek aufgestaut und ein Grundst\u00fcck drohte \u00fcberflutet zu werden. Wir beseitigten das Hindernis um f\u00fcr Ablauf zu sorgen.<\/p>\n<p>Anschlie\u00dfend r\u00fcckten die 10 Kameraden wieder ins Feuerwehrger\u00e4tehaus ein.<\/p>\n<h3 class=\"berichte\">23.01.20 &#8211; 23:08 Uhr<\/h3>\n<p>Um 23:08 Uhr wurden wir durch Sirene und Meldeempf\u00e4nger zu einer hilflosen Person hinter einer verschlossenen T\u00fcr alamiert. Am Einsatzort fanden wir eine nicht abgeschlossene Haust\u00fcr vor. Dahinter lag eine Person am Boden. Unsere Sanit\u00e4ter \u00fcbernahmen die Erstversorgung der Person und \u00fcbergaben sie an den wenig sp\u00e4ter eingetroffenen Rettungsdienst. Um 23:45 Uhr r\u00fcckten die Kameraden wieder in&#8217;s Feuerwehrger\u00e4tehaus ein.<\/p>\n<h3 class=\"berichte\">19.01.2020 &#8211; 02:06 Uhr <\/h3>\n<p>Um 02:06 Uhr wurden wir durch Sirene und Meldeempf\u00e4nger zu einem piependen Rauchmelder gerufen. Beim Eintreffen der ersten Kr\u00e4fte wurde eine Person angetroffen die den Rauchmelder im Nachbarhaus bemerkte. Der Anrufer wollte die Eigent\u00fcmer wecken und zog sich dabei eine Rauchgasvergiftung zu.<\/p>\n<p>Sofort wurde ein Angriffstrupp zur Menschenrettung eingesetzt und das Haus abgesucht. Dabei wurde ein verbrannter Kochtopf vom Herd genommen. Parallel wurde ein Sicherungstrupp bereit gestellt und der Anrufer dem Rettungsdienst \u00fcbergeben. <\/p>\n<p>Nach vollst\u00e4ndigem Absuchen des Hause&#8217;s wurde keine Person gefunden und die Fenster und T\u00fcren im gesamten Haus ge\u00f6ffnet um die Rauchgase abzuf\u00fchren.<\/p>\n<p>Nach R\u00fccksprache wurde die Einsatzstelle an die Polizei \u00fcbergeben und die 17 Kameraden r\u00fcckten wieder ein.<\/p>\n<h3 class=\"berichte\">14.01.2020 &#8211; 08:40 Uhr <\/h3>\n<p>Um 8:40 Uhr wurde wir durch Sirene und Meldeempf\u00e4nger zu einem PKW-Brand in der Schwarzenbeker Stra\u00dfe gerufen.<\/p>\n<p>Wir r\u00fcckten mit 12 M\u00fcssener Kameraden und der Feuerwehr Schulendorf am Einsatzort an. Vor Ort fanden wir einen stark qualmenden PKW. Um an das Feuer heran zu kommen setzten wir unseren hydraulischen Spreizer ein, da sich der Brandherd unter dem Armaturenbrett befand.<\/p>\n<p>Mittels der Caffs-L\u00f6schschaumanlage gelang es uns anschlie\u00dfend den Brand zu l\u00f6schen.<\/p>\n<p>Um 09:45 Uhr r\u00fcckten wir wieder im Feuerwehrger\u00e4tehaus ein.<\/p>\n<p><a href=\"https:\/\/feuerwehr-muessen.de\/wp-content\/uploads\/2020\/01\/einsatz.png\"><img loading=\"lazy\" decoding=\"async\" src=\"https:\/\/feuerwehr-muessen.de\/wp-content\/uploads\/2020\/01\/einsatz-450x216.png\" alt=\"\" width=\"450\" height=\"216\" class=\"alignleft size-medium wp-image-1458\" srcset=\"https:\/\/feuerwehr-muessen.de\/wp-content\/uploads\/2020\/01\/einsatz-450x216.png 450w, https:\/\/feuerwehr-muessen.de\/wp-content\/uploads\/2020\/01\/einsatz-1024x493.png 1024w, https:\/\/feuerwehr-muessen.de\/wp-content\/uploads\/2020\/01\/einsatz.png 1264w\" sizes=\"auto, (max-width: 450px) 100vw, 450px\" \/><\/a><\/p>\n","protected":false},"excerpt":{"rendered":"<p>18.12.2020.2020 22:51 Uhr Uhr Um 22:51 Uhr wurden wir durch Sirene und Meldeempf\u00e4nger zu einem Feuer in der B\u00fcchener Sporthalle gerufen. Am Einsatzort \u00fcbernahmen wir gemeinsam mit der Feuerwehr Witzeeze einen Einsatzabschnitt. Unsere Aufgabe war, einen L\u00f6schangriff durch die Lagerr\u00e4ume der Sporthalle durchzuf\u00fchren, um ein Ausbreiten der Flammen in die Sporthalle zu verhindern. Der erste &hellip; <a href=\"https:\/\/feuerwehr-muessen.de\/index.php\/berichte-2020\/\" class=\"more-link\"><span class=\"screen-reader-text\">Berichte 2020<\/span> weiterlesen <span class=\"meta-nav\">&rarr;<\/span><\/a><\/p>\n","protected":false},"author":1,"featured_media":0,"parent":0,"menu_order":0,"comment_status":"closed","ping_status":"closed","template":"","meta":{"ngg_post_thumbnail":0,"footnotes":""},"class_list":["post-1457","page","type-page","status-publish","hentry"],"_links":{"self":[{"href":"https:\/\/feuerwehr-muessen.de\/index.php\/wp-json\/wp\/v2\/pages\/1457","targetHints":{"allow":["GET"]}}],"collection":[{"href":"https:\/\/feuerwehr-muessen.de\/index.php\/wp-json\/wp\/v2\/pages"}],"about":[{"href":"https:\/\/feuerwehr-muessen.de\/index.php\/wp-json\/wp\/v2\/types\/page"}],"author":[{"embeddable":true,"href":"https:\/\/feuerwehr-muessen.de\/index.php\/wp-json\/wp\/v2\/users\/1"}],"replies":[{"embeddable":true,"href":"https:\/\/feuerwehr-muessen.de\/index.php\/wp-json\/wp\/v2\/comments?post=1457"}],"version-history":[{"count":35,"href":"https:\/\/feuerwehr-muessen.de\/index.php\/wp-json\/wp\/v2\/pages\/1457\/revisions"}],"predecessor-version":[{"id":1599,"href":"https:\/\/feuerwehr-muessen.de\/index.php\/wp-json\/wp\/v2\/pages\/1457\/revisions\/1599"}],"wp:attachment":[{"href":"https:\/\/feuerwehr-muessen.de\/index.php\/wp-json\/wp\/v2\/media?parent=1457"}],"curies":[{"name":"wp","href":"https:\/\/api.w.org\/{rel}","templated":true}]}}