{"id":114,"date":"2015-06-03T18:09:33","date_gmt":"2015-06-03T16:09:33","guid":{"rendered":"http:\/\/test.feuerwehr-muessen.de\/?page_id=114"},"modified":"2017-04-19T20:10:27","modified_gmt":"2017-04-19T18:10:27","slug":"berichte-2007","status":"publish","type":"page","link":"https:\/\/feuerwehr-muessen.de\/index.php\/berichte-2007\/","title":{"rendered":"Berichte 2007"},"content":{"rendered":"<br \/>\n<h3 class=\"berichte\">07.12.2007<\/h3>\n<p>  <span class=\"p_berichte\">Um 11.30 wurde die FF nach heftigen Windboen zu einem umgest\u00fcrzten Baum in der Waldstra\u00dfe in Kl. Pampau gerufen. Bei Eintreffen der Feuerwehr hatten Anwohner bereits begonnen den Baum von der Stra\u00dfe zu entfernen. Die Feuerwehr M\u00fcssen sicherte die Einsatzstelle nur noch ab und halfen bei der Reinigung der Stra\u00dfe. <\/span><\/p>\n<h3 class=\"berichte\">19.11.2007<\/h3>\n<p>  <span class=\"p_berichte\">Gegen 14.23 Uhr wurden die Feuerwehren B\u00fcchen und M\u00fcssen und div. Rettungswagen alarmiert. Auf der Bahnstrecke Hamburg &#8211; Berlin wurde eine Person von einen Intercity in M\u00fcssen erfasst. Die Strecke zwischen Schwarzenbek und B\u00fcchen wurde f\u00fcr Stunden f\u00fcr den Bahnverkehr gesperrt. Die sich noch im Zug befundenen Personen wurden durch den Schienenersatzverkehr weiter nach B\u00fcchen bef\u00f6rdert. Die Kameraden halfen den Reisenden beim Verlassen des Zuges. Nachdem die Aufr\u00e4umarbeiten abgeschlossen waren, wurde die Strecke gegen ca. 18.30 Uhr wieder freigegeben. Der Verungl\u00fcckte konnte nur noch Tot von den Einsatztzkr\u00e4ften geborgen werden..<br \/>\n  <\/span><\/p>\n<h3 class=\"berichte\">10.09.2007<\/h3>\n<p>  <span class=\"p_berichte\">Alarmierung zu einer Amtswehr\u00fcbung in Klein Pampau mit den Wehren Siebeneichen, Schulendorf, Klein Pampau und M\u00fcssen.<br \/><\/span><\/p>\n<h3 class=\"berichte\">12.08.2007<\/h3>\n<p>  <span class=\"p_berichte\">Um 9:50 wurde die Wehr \u00fcber Melderempf\u00e4nger und Sirene zu einer \u00d6lspur in der Stra\u00dfe An der Bahn Alarmiert. Nach einem Motorschaden mu\u00dfte eine ca. 250 m lange \u00d6lspur abgearbeitet werden.<br \/>\n  Es wurden ca 60 kg \u00d6lbindemittel verarbeitet.<\/span><\/p>\n<h3 class=\"berichte\">08.08.2007<\/h3>\n<p>  <span class=\"p_berichte\">Nach starken Regenf\u00e4llen wurden in der Zeit von 17:55 Uhr &#8211; 20:30 Uhr insgesamt 6 Einsatzorte abgearbeitet. An Verschiedenen Stellen im Ortsgebiet und zur Unterst\u00fctzung in Schulendorf waren 17 Einsatzkr\u00e4fte eingebunden und 2 in Bereitstellung.Die Einsatzorte sind unter Eins\u00e4tze 2007 einzusehen. <\/span><\/p>\n<h3 class=\"berichte\">06.08.2007<\/h3>\n<p>  <span class=\"p_berichte\">Nachts um 1 Uhr wurde die Wehr zur Unterst\u00fctzung zu einem Brand, in einem Mehrfamilienhaus nach B\u00fcchen Alarmiert . Die Wehr r\u00fcckte mit allen Fahrzeugen in voller Besetzung aus, und nahm am Brandort 1-C Rohr unter PA im Innenangriff vor. Der dazugeh\u00f6rende Sicherungstrupp, wurde ebenfalls von den eigenen Kameraden gestellt. Einsatzende war um 2 Uhr. <\/span><\/p>\n<h3 class=\"berichte\">15.07.2007<\/h3>\n<p class=\"Stil7\">Am Sonntag den 15.07.07 um 15.35 Uhr wurde die FF M\u00fcssen zu einer Technischen  Hilfeleistung auf die  B209 durch Sirenenalarmierung gerufen. Auf der Kreuzung B209 \/ Louisenhof  lagen etwa 1.5 Zentner Getreide, das die  Einfahrt in den Kreuzungsbereich  gef\u00e4hrdete. Die Kreuzung wurde durch die Pol Schwarzenbek und den Einsatzfahrzeugen der FF gesichert, so das auf der Kreuzung gearbeitet, und das Getreide entfernt werden konnte. Es waren alle drei Fahrzeuge im Einastz, die mit 12 Kameraden besetzt waren.<\/span><\/p>\n<h3 class=\"berichte\">02.06.2007<\/h3>\n<p class=\"Stil7\">Alarmierung um 9:30 Uhr \u00fcber Melder und Sirene.Es befand sich auf der Kreuzung Bergstr. \/ Kreisstra\u00dfe eine etwa 15 Meter lange \u00d6lspur,die mittels \u00d6lbindemittel von der Kameraden der FF M\u00fcssen beseitigt wurde.Einsatzende war um 9:50 Uhr. <\/span><\/p>\n<h3 class=\"berichte\">22.02.2007<\/h3>\n<p>  <span class=\"p_berichte\">Schornsteinbrand in der Dorfstra\u00dfe. Um 10:10 Uhr wurde die Wehr zu einem Schornsteinbrand in der Dorfstra\u00dfe Alarmiert. Zus\u00e4tzlich wurden die Wehren aus Schulendorf und B\u00fcchen zeitgleich laut Alarmierungsplan mit Alarmiert.Der Einsatz wurde zusammen mit der Schulendorfer Wehr abgearbeitet. Aus M\u00fcssen waren 10 Kameraden u. aus Schulendorf 7 Kameraden vor Ort. Das LF 20 aus B\u00fcchen kam  nach der Erkundung, nicht weiter zum Einsatz und r\u00fcckte wieder ein. Als L\u00f6schmittel wurden 2 Pulverl\u00f6scher eingesetzt. Einsatzende war um 12 Uhr. e<\/span><\/p>\n<h3 class=\"berichte\">26.01.2007<\/h3>\n<p>  <span class=\"p_berichte\">Mitten in die Jahreshauptversammlung kam die Alarmierung f\u00fcr die FF-M\u00fcssen. Um 20:55 Uhr Liefen die Melder und die Sirene an.Auf Spiegelglatter Straqe war ein PKW mit zwei Personen ins schleudern geraten und hatte sich \u00fcberschlagen. Es wurden zuerst zwei eingeklemmte Personen gemeldet. Dies best\u00e4tigte sich nach erster R\u00fcckmeldung durch den Rettungsdienst nicht. Es waren keine Personen eingeklemmt. Die beiden Personen wurden durch den Rettungsdienst behandelt und in Krankenh\u00e4user bef\u00f6rdert. Der PKW wurde von den Kameraden  aufgerichtet. Die Einsatzstelle wurde der Polizei \u00fcbergeben. Der Einsatz endete um 21:35 Uhr. <\/span><\/p>\n<h3 class=\"berichte\">24.01.2007<\/h3>\n<p>  <span class=\"p_berichte\">Um 22:20 Uhr wurde die Wehr alarmiert zu einem Verkehrsunfall auf der B 209 h\u00f6he Abfahrt Schulendorf. Die FF-Schulendorf wurde Zeitgleich alarmiert und traf zuerst am Unfallort ein. Am Unfallort wurde Festgestellt das die verunfallte Person das auf dem Dach liegende Fahrzeug bereits verlassen hatte. Die drei Einsatzfahrzeuge der FF-M\u00fcssen r\u00fcckten somit wieder ein. <\/span><\/p>\n<h3 class=\"berichte\">18.01.2007<\/h3>\n<p>  <span class=\"p_berichte\">Um 21:30 wurde die Wehr alarmiert, um eine umgest\u00fcrzte Tanne im Bereich der Bahnhofstra\u00dfe zu beseitigen. Diese lag halb auf der Stra\u00dfe. Bereits auf der Anfahrt wurde die n\u00e4chste Einsatzstelle sichtbar. Die vom Kreis abgenommenen und nach 3 Wochen noch nicht abgefahrenen \u00c4ste an der Bergstra\u00dfe waren auf die Stra\u00dfe geweht und behinderten den Verkehr. Nach Beseitigung der Hindernisse wurde vorsorglich ein Teil des Dorfes abgefahren. Hierbei stellte sich heraus, dass im Postweg eine Tanne umgeweht war und halb auf der Stra\u00dfe lag. Sie wurde von den Kameraden auf einer Gr\u00fcnfl\u00e4che abgelegt. Um 22:25 war der Einsatz f\u00fcr die 21 Kameraden beendet. <\/span><\/p>\n","protected":false},"excerpt":{"rendered":"<p>07.12.2007 Um 11.30 wurde die FF nach heftigen Windboen zu einem umgest\u00fcrzten Baum in der Waldstra\u00dfe in Kl. Pampau gerufen. Bei Eintreffen der Feuerwehr hatten Anwohner bereits begonnen den Baum von der Stra\u00dfe zu entfernen. Die Feuerwehr M\u00fcssen sicherte die Einsatzstelle nur noch ab und halfen bei der Reinigung der Stra\u00dfe. 19.11.2007 Gegen 14.23 Uhr &hellip; <a href=\"https:\/\/feuerwehr-muessen.de\/index.php\/berichte-2007\/\" class=\"more-link\"><span class=\"screen-reader-text\">Berichte 2007<\/span> weiterlesen <span class=\"meta-nav\">&rarr;<\/span><\/a><\/p>\n","protected":false},"author":1,"featured_media":0,"parent":0,"menu_order":0,"comment_status":"closed","ping_status":"closed","template":"","meta":{"ngg_post_thumbnail":0,"footnotes":""},"class_list":["post-114","page","type-page","status-publish","hentry"],"_links":{"self":[{"href":"https:\/\/feuerwehr-muessen.de\/index.php\/wp-json\/wp\/v2\/pages\/114","targetHints":{"allow":["GET"]}}],"collection":[{"href":"https:\/\/feuerwehr-muessen.de\/index.php\/wp-json\/wp\/v2\/pages"}],"about":[{"href":"https:\/\/feuerwehr-muessen.de\/index.php\/wp-json\/wp\/v2\/types\/page"}],"author":[{"embeddable":true,"href":"https:\/\/feuerwehr-muessen.de\/index.php\/wp-json\/wp\/v2\/users\/1"}],"replies":[{"embeddable":true,"href":"https:\/\/feuerwehr-muessen.de\/index.php\/wp-json\/wp\/v2\/comments?post=114"}],"version-history":[{"count":3,"href":"https:\/\/feuerwehr-muessen.de\/index.php\/wp-json\/wp\/v2\/pages\/114\/revisions"}],"predecessor-version":[{"id":751,"href":"https:\/\/feuerwehr-muessen.de\/index.php\/wp-json\/wp\/v2\/pages\/114\/revisions\/751"}],"wp:attachment":[{"href":"https:\/\/feuerwehr-muessen.de\/index.php\/wp-json\/wp\/v2\/media?parent=114"}],"curies":[{"name":"wp","href":"https:\/\/api.w.org\/{rel}","templated":true}]}}

<br />
<h3 class="berichte">07.12.2007</h3>
<p>  <span class="p_berichte">Um 11.30 wurde die FF nach heftigen Windboen zu einem umgestürzten Baum in der Waldstraße in Kl. Pampau gerufen. Bei Eintreffen der Feuerwehr hatten Anwohner bereits begonnen den Baum von der Straße zu entfernen. Die Feuerwehr Müssen sicherte die Einsatzstelle nur noch ab und halfen bei der Reinigung der Straße. </span></p>
<h3 class="berichte">19.11.2007</h3>
<p>  <span class="p_berichte">Gegen 14.23 Uhr wurden die Feuerwehren Büchen und Müssen und div. Rettungswagen alarmiert. Auf der Bahnstrecke Hamburg &#8211; Berlin wurde eine Person von einen Intercity in Müssen erfasst. Die Strecke zwischen Schwarzenbek und Büchen wurde für Stunden für den Bahnverkehr gesperrt. Die sich noch im Zug befundenen Personen wurden durch den Schienenersatzverkehr weiter nach Büchen befördert. Die Kameraden halfen den Reisenden beim Verlassen des Zuges. Nachdem die Aufräumarbeiten abgeschlossen waren, wurde die Strecke gegen ca. 18.30 Uhr wieder freigegeben. Der Verunglückte konnte nur noch Tot von den Einsatztzkräften geborgen werden..<br />
  </span></p>
<h3 class="berichte">10.09.2007</h3>
<p>  <span class="p_berichte">Alarmierung zu einer Amtswehrübung in Klein Pampau mit den Wehren Siebeneichen, Schulendorf, Klein Pampau und Müssen.<br /></span></p>
<h3 class="berichte">12.08.2007</h3>
<p>  <span class="p_berichte">Um 9:50 wurde die Wehr über Melderempfänger und Sirene zu einer Ölspur in der Straße An der Bahn Alarmiert. Nach einem Motorschaden mußte eine ca. 250 m lange Ölspur abgearbeitet werden.<br />
  Es wurden ca 60 kg Ölbindemittel verarbeitet.</span></p>
<h3 class="berichte">08.08.2007</h3>
<p>  <span class="p_berichte">Nach starken Regenfällen wurden in der Zeit von 17:55 Uhr &#8211; 20:30 Uhr insgesamt 6 Einsatzorte abgearbeitet. An Verschiedenen Stellen im Ortsgebiet und zur Unterstützung in Schulendorf waren 17 Einsatzkräfte eingebunden und 2 in Bereitstellung.Die Einsatzorte sind unter Einsätze 2007 einzusehen. </span></p>
<h3 class="berichte">06.08.2007</h3>
<p>  <span class="p_berichte">Nachts um 1 Uhr wurde die Wehr zur Unterstützung zu einem Brand, in einem Mehrfamilienhaus nach Büchen Alarmiert . Die Wehr rückte mit allen Fahrzeugen in voller Besetzung aus, und nahm am Brandort 1-C Rohr unter PA im Innenangriff vor. Der dazugehörende Sicherungstrupp, wurde ebenfalls von den eigenen Kameraden gestellt. Einsatzende war um 2 Uhr. </span></p>
<h3 class="berichte">15.07.2007</h3>
<p class="Stil7">Am Sonntag den 15.07.07 um 15.35 Uhr wurde die FF Müssen zu einer Technischen  Hilfeleistung auf die  B209 durch Sirenenalarmierung gerufen. Auf der Kreuzung B209 / Louisenhof  lagen etwa 1.5 Zentner Getreide, das die  Einfahrt in den Kreuzungsbereich  gefährdete. Die Kreuzung wurde durch die Pol Schwarzenbek und den Einsatzfahrzeugen der FF gesichert, so das auf der Kreuzung gearbeitet, und das Getreide entfernt werden konnte. Es waren alle drei Fahrzeuge im Einastz, die mit 12 Kameraden besetzt waren.</span></p>
<h3 class="berichte">02.06.2007</h3>
<p class="Stil7">Alarmierung um 9:30 Uhr über Melder und Sirene.Es befand sich auf der Kreuzung Bergstr. / Kreisstraße eine etwa 15 Meter lange Ölspur,die mittels Ölbindemittel von der Kameraden der FF Müssen beseitigt wurde.Einsatzende war um 9:50 Uhr. </span></p>
<h3 class="berichte">22.02.2007</h3>
<p>  <span class="p_berichte">Schornsteinbrand in der Dorfstraße. Um 10:10 Uhr wurde die Wehr zu einem Schornsteinbrand in der Dorfstraße Alarmiert. Zusätzlich wurden die Wehren aus Schulendorf und Büchen zeitgleich laut Alarmierungsplan mit Alarmiert.Der Einsatz wurde zusammen mit der Schulendorfer Wehr abgearbeitet. Aus Müssen waren 10 Kameraden u. aus Schulendorf 7 Kameraden vor Ort. Das LF 20 aus Büchen kam  nach der Erkundung, nicht weiter zum Einsatz und rückte wieder ein. Als Löschmittel wurden 2 Pulverlöscher eingesetzt. Einsatzende war um 12 Uhr. e</span></p>
<h3 class="berichte">26.01.2007</h3>
<p>  <span class="p_berichte">Mitten in die Jahreshauptversammlung kam die Alarmierung für die FF-Müssen. Um 20:55 Uhr Liefen die Melder und die Sirene an.Auf Spiegelglatter Straqe war ein PKW mit zwei Personen ins schleudern geraten und hatte sich überschlagen. Es wurden zuerst zwei eingeklemmte Personen gemeldet. Dies bestätigte sich nach erster Rückmeldung durch den Rettungsdienst nicht. Es waren keine Personen eingeklemmt. Die beiden Personen wurden durch den Rettungsdienst behandelt und in Krankenhäuser befördert. Der PKW wurde von den Kameraden  aufgerichtet. Die Einsatzstelle wurde der Polizei übergeben. Der Einsatz endete um 21:35 Uhr. </span></p>
<h3 class="berichte">24.01.2007</h3>
<p>  <span class="p_berichte">Um 22:20 Uhr wurde die Wehr alarmiert zu einem Verkehrsunfall auf der B 209 höhe Abfahrt Schulendorf. Die FF-Schulendorf wurde Zeitgleich alarmiert und traf zuerst am Unfallort ein. Am Unfallort wurde Festgestellt das die verunfallte Person das auf dem Dach liegende Fahrzeug bereits verlassen hatte. Die drei Einsatzfahrzeuge der FF-Müssen rückten somit wieder ein. </span></p>
<h3 class="berichte">18.01.2007</h3>
<p>  <span class="p_berichte">Um 21:30 wurde die Wehr alarmiert, um eine umgestürzte Tanne im Bereich der Bahnhofstraße zu beseitigen. Diese lag halb auf der Straße. Bereits auf der Anfahrt wurde die nächste Einsatzstelle sichtbar. Die vom Kreis abgenommenen und nach 3 Wochen noch nicht abgefahrenen Äste an der Bergstraße waren auf die Straße geweht und behinderten den Verkehr. Nach Beseitigung der Hindernisse wurde vorsorglich ein Teil des Dorfes abgefahren. Hierbei stellte sich heraus, dass im Postweg eine Tanne umgeweht war und halb auf der Straße lag. Sie wurde von den Kameraden auf einer Grünfläche abgelegt. Um 22:25 war der Einsatz für die 21 Kameraden beendet. </span></p>

<p>07.12.2007 Um 11.30 wurde die FF nach heftigen Windboen zu einem umgestürzten Baum in der Waldstraße in Kl. Pampau gerufen. Bei Eintreffen der Feuerwehr hatten Anwohner bereits begonnen den Baum von der Straße zu entfernen. Die Feuerwehr Müssen sicherte die Einsatzstelle nur noch ab und halfen bei der Reinigung der Straße. 19.11.2007 Gegen 14.23 Uhr &hellip; <a href="https://feuerwehr-muessen.de/index.php/berichte-2007/" class="more-link"><span class="screen-reader-text">Berichte 2007</span> weiterlesen <span class="meta-nav">&rarr;</span></a></p>
